{"id":381,"date":"2021-11-23T20:50:57","date_gmt":"2021-11-23T23:50:57","guid":{"rendered":"https:\/\/aguasdeparatii.com.br\/site\/?page_id=381"},"modified":"2025-01-09T17:00:01","modified_gmt":"2025-01-09T20:00:01","slug":"paraty","status":"publish","type":"page","link":"https:\/\/aguasdeparatii.com.br\/site\/paraty\/","title":{"rendered":"Paraty"},"content":{"rendered":"\t\t<div data-elementor-type=\"wp-page\" data-elementor-id=\"381\" class=\"elementor elementor-381\" data-elementor-settings=\"[]\">\n\t\t\t\t\t\t<div class=\"elementor-inner\">\n\t\t\t\t\t\t\t<div class=\"elementor-section-wrap\">\n\t\t\t\t\t\t\t<section class=\"elementor-section elementor-top-section elementor-element elementor-element-3c490a7a elementor-section-boxed elementor-section-height-default elementor-section-height-default\" data-id=\"3c490a7a\" data-element_type=\"section\">\n\t\t\t\t\t\t<div class=\"elementor-container elementor-column-gap-default\">\n\t\t\t\t\t\t\t<div class=\"elementor-row\">\n\t\t\t\t\t<div class=\"elementor-column elementor-col-100 elementor-top-column elementor-element elementor-element-5916a604\" data-id=\"5916a604\" data-element_type=\"column\">\n\t\t\t<div class=\"elementor-column-wrap elementor-element-populated\">\n\t\t\t\t\t\t\t<div class=\"elementor-widget-wrap\">\n\t\t\t\t\t\t<div class=\"elementor-element elementor-element-114e186d elementor-widget elementor-widget-text-editor\" data-id=\"114e186d\" data-element_type=\"widget\" data-widget_type=\"text-editor.default\">\n\t\t\t\t<div class=\"elementor-widget-container\">\n\t\t\t\t\t<div class=\"elementor-text-editor elementor-clearfix\">Paraty<\/div>\n\t\t\t\t<\/div>\n\t\t\t\t<\/div>\n\t\t\t\t<div class=\"elementor-element elementor-element-1cbb9d4 elementor-widget elementor-widget-text-editor\" data-id=\"1cbb9d4\" data-element_type=\"widget\" data-widget_type=\"text-editor.default\">\n\t\t\t\t<div class=\"elementor-widget-container\">\n\t\t\t\t\t<div class=\"elementor-text-editor elementor-clearfix\"><p>A cidade de Paraty foi reconhecida como patrim\u00f4nio mundial pela Unesco.\u00a0<\/p><\/div>\n\t\t\t\t<\/div>\n\t\t\t\t<\/div>\n\t\t\t\t\t\t<\/div>\n\t\t\t\t\t<\/div>\n\t\t<\/div>\n\t\t\t\t\t\t\t\t<\/div>\n\t\t\t\t\t<\/div>\n\t\t<\/section>\n\t\t\t\t<section class=\"elementor-section elementor-top-section elementor-element elementor-element-db739ef elementor-section-boxed elementor-section-height-default elementor-section-height-default\" data-id=\"db739ef\" data-element_type=\"section\">\n\t\t\t\t\t\t<div class=\"elementor-container elementor-column-gap-default\">\n\t\t\t\t\t\t\t<div class=\"elementor-row\">\n\t\t\t\t\t<div class=\"elementor-column elementor-col-100 elementor-top-column elementor-element elementor-element-7a745c8\" data-id=\"7a745c8\" data-element_type=\"column\">\n\t\t\t<div class=\"elementor-column-wrap elementor-element-populated\">\n\t\t\t\t\t\t\t<div class=\"elementor-widget-wrap\">\n\t\t\t\t\t\t<div class=\"elementor-element elementor-element-44d20fc elementor-widget elementor-widget-text-editor\" data-id=\"44d20fc\" data-element_type=\"widget\" data-widget_type=\"text-editor.default\">\n\t\t\t\t<div class=\"elementor-widget-container\">\n\t\t\t\t\t<div class=\"elementor-text-editor elementor-clearfix\"><p>A data de funda\u00e7\u00e3o de Paraty diverge de historiador para historiador. Uns falam que em 1540\/1560 j\u00e1 havia um n\u00facleo devotado a S\u00e3o Roque no Morro da Vila Velha (hoje Morro do Forte); outros, de 1597, quando Martim Corr\u00eaa de S\u00e1 empreende uma expedi\u00e7\u00e3o contra os \u00edndios Guaian\u00e1s do Vale do Para\u00edba; alguns outros, de 1600, quando havia um povoamento de paulistas da Capitania de S\u00e3o Vicente; e alguns mais, 1606, quando da chegada dos primeiros sesmeiros da Capitania de Itanhah\u00e9m que, acredita-se, venha a ser a origem do povoamento como, grosso modo, foi o sistema de Capitanias Heredit\u00e1rias \u00e0 base da explora\u00e7\u00e3o dos bens naturais, defesa e fixa\u00e7\u00e3o do homem \u00e0 terra no Brasil.<\/p><p><strong>De todo modo, pode-se afirmar que, no in\u00edcio do s\u00e9culo XVII, al\u00e9m dos \u00edndios guaianases, j\u00e1 havia um crescente grupo de \u201cparatianos\u201d estabelecidos por aqui.<\/strong><\/p><p>Por volta de 1640 o n\u00facleo chamado Paratii foi transferido para onde hoje se situa o centro hist\u00f3rico, em \u201cl\u00e9gua e meia de terra entre os rios Paratigua\u00e7u (hoje Perequ\u00ea-A\u00e7u) e Patitiba\u201d doadas por Maria J\u00e1come de Mello. Esta, ao fazer a doa\u00e7\u00e3o, teria imposto duas condi\u00e7\u00f5es: que a nova capela fosse feita em devo\u00e7\u00e3o a Nossa Senhora dos Rem\u00e9dios e que se guardasse a seguran\u00e7a dos gentios guaianases.<\/p><p>Em 1660, o florescente povoado se rebela exigindo a separa\u00e7\u00e3o de Angra dos Reis e eleva\u00e7\u00e3o \u00e0 categoria de Vila. Surgia em 1667 a Villa de Nossa Senhora dos Rem\u00e9dios de Paratii. Conv\u00e9m salientar que Paraty foi a primeira cidade brasileira a ter sua autonomia pol\u00edtica decidida por escolha popular.<\/p><p><strong>Decaindo a extra\u00e7\u00e3o e exporta\u00e7\u00e3o do ouro, em meados do s\u00e9culo XVIII, Paraty vai perdendo import\u00e2ncia.<\/strong><\/p><p>Com o ciclo do caf\u00e9, a partir do s\u00e9culo XIX, a cidade revive, temporariamente, seus pr\u00f3speros dias de gl\u00f3rias coloniais. A produ\u00e7\u00e3o de pinga e derivados da cana tamb\u00e9m ajudou na economia local. Foi nesta \u00e9poca que Paraty virou sin\u00f4nimo de pinga. No s\u00e9culo XVIII, a cidade chegou a ter mais de 200 engenhos de pinga e casas de moenda.<\/p><p>Em 1870, devido \u00e0 abertura de um novo caminho \u2013 desta feita ferrovi\u00e1rio \u2013 entre Rio e S\u00e3o Paulo, atrav\u00e9s do Vale do Para\u00edba, a antiga trilha de burros pela Serra do Mar perdeu sua fun\u00e7\u00e3o, afetando de forma intensa a atividade econ\u00f4mica de Paraty como um todo.<\/p><p>Um segundo fator de decad\u00eancia do com\u00e9rcio e da cidade foi a Aboli\u00e7\u00e3o em 1888, causando um \u00eaxodo tal que, dos 16 000 habitantes existentes em 1851, restaram, no final do s\u00e9culo XIX, apenas \u201c600 velhos, mulheres e crian\u00e7as\u201d isolando Paraty definitivamente do pa\u00eds por d\u00e9cadas.<\/p><p>Enquanto abriam-se estradas pelo resto do pa\u00eds, continuava se chegando a Paraty como na \u00e9poca Colonial: de barco, vindo de Angra dos Reis ou, a partir de 1950, por terra, via Cunha, em estrada que s\u00f3 comportava movimento quando n\u00e3o chovia e que aproveitava em parte o trecho da velha estrada do ouro e do caf\u00e9.<\/p><p>Este isolamento involunt\u00e1rio foi, paradoxalmente, o que preservou n\u00e3o s\u00f3 a estrutura arquitet\u00f4nica urbana da cidade como tamb\u00e9m seus usos e costumes.<\/p><\/div>\n\t\t\t\t<\/div>\n\t\t\t\t<\/div>\n\t\t\t\t\t\t<\/div>\n\t\t\t\t\t<\/div>\n\t\t<\/div>\n\t\t\t\t\t\t\t\t<\/div>\n\t\t\t\t\t<\/div>\n\t\t<\/section>\n\t\t\t\t\t\t<\/div>\n\t\t\t\t\t\t<\/div>\n\t\t\t\t\t<\/div>\n\t\t","protected":false},"excerpt":{"rendered":"<p>Paraty A cidade de Paraty foi reconhecida como patrim\u00f4nio mundial pela Unesco.\u00a0 A data de funda\u00e7\u00e3o de Paraty diverge de historiador para historiador. Uns falam que em 1540\/1560 j\u00e1 havia um n\u00facleo devotado a S\u00e3o Roque no Morro da Vila Velha (hoje Morro do Forte); outros, de 1597, quando Martim Corr\u00eaa de S\u00e1 empreende uma [&hellip;]<\/p>\n","protected":false},"author":1,"featured_media":0,"parent":0,"menu_order":0,"comment_status":"closed","ping_status":"closed","template":"elementor_canvas","meta":{"footnotes":""},"class_list":["post-381","page","type-page","status-publish","hentry"],"aioseo_notices":[],"_links":{"self":[{"href":"https:\/\/aguasdeparatii.com.br\/site\/wp-json\/wp\/v2\/pages\/381","targetHints":{"allow":["GET"]}}],"collection":[{"href":"https:\/\/aguasdeparatii.com.br\/site\/wp-json\/wp\/v2\/pages"}],"about":[{"href":"https:\/\/aguasdeparatii.com.br\/site\/wp-json\/wp\/v2\/types\/page"}],"author":[{"embeddable":true,"href":"https:\/\/aguasdeparatii.com.br\/site\/wp-json\/wp\/v2\/users\/1"}],"replies":[{"embeddable":true,"href":"https:\/\/aguasdeparatii.com.br\/site\/wp-json\/wp\/v2\/comments?post=381"}],"version-history":[{"count":6,"href":"https:\/\/aguasdeparatii.com.br\/site\/wp-json\/wp\/v2\/pages\/381\/revisions"}],"predecessor-version":[{"id":1521,"href":"https:\/\/aguasdeparatii.com.br\/site\/wp-json\/wp\/v2\/pages\/381\/revisions\/1521"}],"wp:attachment":[{"href":"https:\/\/aguasdeparatii.com.br\/site\/wp-json\/wp\/v2\/media?parent=381"}],"curies":[{"name":"wp","href":"https:\/\/api.w.org\/{rel}","templated":true}]}}